{"id":8,"date":"2026-04-17T22:36:37","date_gmt":"2026-04-17T20:36:37","guid":{"rendered":"https:\/\/pogotowiekomputerowesulmierzyceiokolice.pl\/?page_id=8"},"modified":"2026-04-20T19:26:54","modified_gmt":"2026-04-20T17:26:54","slug":"muzeum","status":"publish","type":"page","link":"https:\/\/pogotowiekomputerowesulmierzyceiokolice.pl\/?page_id=8","title":{"rendered":"Muzeum"},"content":{"rendered":"\n<div style=\"background:#ffffff; border:1px solid #dfe5ef; border-radius:24px; padding:28px; box-shadow:0 12px 30px rgba(0,0,0,.05); position:relative; overflow:hidden; margin:24px 0;\">\n  <div style=\"position:absolute; left:0; top:0; width:7px; height:100%; background:linear-gradient(180deg,#21479c,#6f94f3);\"><\/div>\n\n  <div style=\"display:inline-block; background:#f4f7fd; color:#21479c; font-size:13px; font-weight:700; letter-spacing:.05em; text-transform:uppercase; padding:8px 14px; border-radius:999px; margin-bottom:16px;\">\n    Ekspozycja muzealna\n  <\/div>\n\n  <h2 style=\"margin:0 0 10px; color:#21479c; font-size:38px; line-height:1.15; font-family:Georgia,'Times New Roman',serif;\">\n    Wn\u0119trze muzeum\n  <\/h2>\n\n  <div style=\"width:180px; height:2px; background:linear-gradient(90deg,#21479c,rgba(111,148,243,.35)); border-radius:999px; margin:0 0 18px;\"><\/div>\n\n  <p style=\"margin:0 0 22px; font-size:17px; line-height:1.8; color:#27364f;\">\n    Wn\u0119trze muzeum prezentuje dawne wyposa\u017cenie, zabytkowe meble, lampy, zegary oraz eksponaty zwi\u0105zane z histori\u0105 Sulmierzyc i codziennym \u017cyciem mieszka\u0144c\u00f3w regionu.\n  <\/p>\n\n  <div style=\"display:grid; grid-template-columns:repeat(auto-fit,minmax(260px,1fr)); gap:18px; margin-bottom:18px;\">\n    <div style=\"background:#f8fbff; border:1px solid #e5ebf5; border-radius:18px; overflow:hidden; box-shadow:0 8px 20px rgba(0,0,0,.04);\">\n      <img decoding=\"async\" src=\"https:\/\/pogotowiekomputerowesulmierzyceiokolice.pl\/wp-content\/uploads\/2026\/04\/wnetrze1.png\" alt=\"Wn\u0119trze muzeum \u2013 zabytkowe wyposa\u017cenie\" style=\"width:100%; height:280px; object-fit:cover; display:block;\">\n      <div style=\"padding:14px 16px;\">\n        <div style=\"color:#21479c; font-weight:700; font-size:16px; margin-bottom:6px;\">Dawne wyposa\u017cenie<\/div>\n        <div style=\"color:#3a4960; font-size:15px; line-height:1.6;\">\n          Historyczne wn\u0119trze z zabytkowymi meblami i elementami codziennego u\u017cytku.\n        <\/div>\n      <\/div>\n    <\/div>\n\n    <div style=\"background:#f8fbff; border:1px solid #e5ebf5; border-radius:18px; overflow:hidden; box-shadow:0 8px 20px rgba(0,0,0,.04);\">\n      <img decoding=\"async\" src=\"https:\/\/pogotowiekomputerowesulmierzyceiokolice.pl\/wp-content\/uploads\/2026\/04\/wnetrze2.png\" alt=\"Eksponaty muzealne \u2013 lampy i zegary\" style=\"width:100%; height:280px; object-fit:cover; display:block;\">\n      <div style=\"padding:14px 16px;\">\n        <div style=\"color:#21479c; font-weight:700; font-size:16px; margin-bottom:6px;\">Eksponaty i detale<\/div>\n        <div style=\"color:#3a4960; font-size:15px; line-height:1.6;\">\n          Wybrane eksponaty prezentuj\u0105ce rzemios\u0142o, tradycj\u0119 i dawn\u0105 kultur\u0119 materialn\u0105 regionu.\n        <\/div>\n      <\/div>\n    <\/div>\n  <\/div>\n\n  <div style=\"background:#f5f8fd; border:1px solid #e1e9f5; border-radius:18px; padding:18px;\">\n    <div style=\"color:#21479c; font-weight:700; font-size:18px; margin-bottom:8px;\">Warto zobaczy\u0107 na miejscu<\/div>\n    <p style=\"margin:0; color:#27364f; font-size:16px; line-height:1.75;\">\n      Zapraszamy do odwiedzin i osobistego poznania wyj\u0105tkowej atmosfery muzeum mieszcz\u0105cego si\u0119 w zabytkowym drewnianym ratuszu \u2013 jednym z najcenniejszych obiekt\u00f3w Sulmierzyc.\n    <\/p>\n  <\/div>\n<\/div>\n\n\n\n<div style=\"background:#ffffff; border:1px solid #dfe5ef; border-radius:24px; padding:28px; box-shadow:0 12px 30px rgba(0,0,0,.05); position:relative; overflow:hidden; margin:24px 0;\">\n  <div style=\"position:absolute; left:0; top:0; width:7px; height:100%; background:linear-gradient(180deg,#21479c,#6f94f3);\"><\/div>\n\n  <div style=\"display:inline-block; background:#f4f7fd; color:#21479c; font-size:13px; font-weight:700; letter-spacing:.05em; text-transform:uppercase; padding:8px 14px; border-radius:999px; margin-bottom:16px;\">\n    Zabytek techniki\n  <\/div>\n\n  <h2 style=\"margin:0 0 10px; color:#21479c; font-size:38px; line-height:1.15; font-family:Georgia,'Times New Roman',serif;\">\n    Wiatrak \u201eJakub\u201d\n  <\/h2>\n\n  <div style=\"width:180px; height:2px; background:linear-gradient(90deg,#21479c,rgba(111,148,243,.35)); border-radius:999px; margin:0 0 18px;\"><\/div>\n\n  <p style=\"margin:0 0 22px; font-size:17px; line-height:1.8; color:#27364f;\">\n    Wiatrak \u201eJakub\u201d to jeden z najbardziej charakterystycznych zabytk\u00f3w Sulmierzyc i wa\u017cny element lokalnego dziedzictwa. \n    Ten drewniany wiatrak typu ko\u017alak stanowi \u015bwiadectwo dawnego rzemios\u0142a m\u0142ynarskiego oraz \u017cycia codziennego mieszka\u0144c\u00f3w regionu.\n  <\/p>\n\n  <div style=\"display:grid; grid-template-columns:repeat(auto-fit,minmax(260px,1fr)); gap:18px; margin-bottom:18px;\">\n    \n    <div style=\"background:#f8fbff; border:1px solid #e5ebf5; border-radius:18px; overflow:hidden; box-shadow:0 8px 20px rgba(0,0,0,.04);\">\n      <img decoding=\"async\" src=\"https:\/\/pogotowiekomputerowesulmierzyceiokolice.pl\/wp-content\/uploads\/2026\/04\/wiatrak.jpg\" alt=\"Wiatrak Jakub w Sulmierzycach\" style=\"width:100%; height:280px; object-fit:cover; display:block;\">\n      <div style=\"padding:14px 16px;\">\n        <div style=\"color:#21479c; font-weight:700; font-size:16px; margin-bottom:6px;\">Widok zewn\u0119trzny<\/div>\n        <div style=\"color:#3a4960; font-size:15px; line-height:1.6;\">\n          Drewniana konstrukcja wiatraka stanowi przyk\u0142ad tradycyjnej architektury ludowej regionu.\n        <\/div>\n      <\/div>\n    <\/div>\n\n    <div style=\"background:#f8fbff; border:1px solid #e5ebf5; border-radius:18px; overflow:hidden; box-shadow:0 8px 20px rgba(0,0,0,.04);\">\n      <img decoding=\"async\" src=\"https:\/\/pogotowiekomputerowesulmierzyceiokolice.pl\/wp-content\/uploads\/2026\/04\/DSC_4167.jpg\" alt=\"Mechanizm wiatraka Jakub\" style=\"width:100%; height:280px; object-fit:cover; display:block;\">\n      <div style=\"padding:14px 16px;\">\n        <div style=\"color:#21479c; font-weight:700; font-size:16px; margin-bottom:6px;\">Wn\u0119trze i mechanizm<\/div>\n        <div style=\"color:#3a4960; font-size:15px; line-height:1.6;\">\n          Zachowane elementy mechanizmu ukazuj\u0105 spos\u00f3b dzia\u0142ania dawnych urz\u0105dze\u0144 m\u0142ynarskich.\n        <\/div>\n      <\/div>\n    <\/div>\n\n  <\/div>\n\n  <div style=\"background:#f5f8fd; border:1px solid #e1e9f5; border-radius:18px; padding:18px;\">\n    <div style=\"color:#21479c; font-weight:700; font-size:18px; margin-bottom:8px;\">Dlaczego warto zobaczy\u0107?<\/div>\n    <p style=\"margin:0; color:#27364f; font-size:16px; line-height:1.75;\">\n      Wiatrak \u201eJakub\u201d to nie tylko zabytek, ale tak\u017ce symbol historii regionu. \n      Jego unikalna konstrukcja i zachowane elementy wyposa\u017cenia pozwalaj\u0105 przenie\u015b\u0107 si\u0119 w czasie i zobaczy\u0107, jak wygl\u0105da\u0142a praca m\u0142ynarza przed laty.\n    <\/p>\n  <\/div>\n<\/div>\n","protected":false},"excerpt":{"rendered":"<p>Muzeum Regionalne Ziemi Sulmierzyckiej<\/p>\n","protected":false},"author":1,"featured_media":0,"parent":0,"menu_order":0,"comment_status":"closed","ping_status":"closed","template":"","meta":{"footnotes":""},"class_list":["post-8","page","type-page","status-publish","hentry"],"_links":{"self":[{"href":"https:\/\/pogotowiekomputerowesulmierzyceiokolice.pl\/index.php?rest_route=\/wp\/v2\/pages\/8","targetHints":{"allow":["GET"]}}],"collection":[{"href":"https:\/\/pogotowiekomputerowesulmierzyceiokolice.pl\/index.php?rest_route=\/wp\/v2\/pages"}],"about":[{"href":"https:\/\/pogotowiekomputerowesulmierzyceiokolice.pl\/index.php?rest_route=\/wp\/v2\/types\/page"}],"author":[{"embeddable":true,"href":"https:\/\/pogotowiekomputerowesulmierzyceiokolice.pl\/index.php?rest_route=\/wp\/v2\/users\/1"}],"replies":[{"embeddable":true,"href":"https:\/\/pogotowiekomputerowesulmierzyceiokolice.pl\/index.php?rest_route=%2Fwp%2Fv2%2Fcomments&post=8"}],"version-history":[{"count":7,"href":"https:\/\/pogotowiekomputerowesulmierzyceiokolice.pl\/index.php?rest_route=\/wp\/v2\/pages\/8\/revisions"}],"predecessor-version":[{"id":215,"href":"https:\/\/pogotowiekomputerowesulmierzyceiokolice.pl\/index.php?rest_route=\/wp\/v2\/pages\/8\/revisions\/215"}],"wp:attachment":[{"href":"https:\/\/pogotowiekomputerowesulmierzyceiokolice.pl\/index.php?rest_route=%2Fwp%2Fv2%2Fmedia&parent=8"}],"curies":[{"name":"wp","href":"https:\/\/api.w.org\/{rel}","templated":true}]}}