{"id":200,"date":"2026-04-20T11:57:29","date_gmt":"2026-04-20T09:57:29","guid":{"rendered":"https:\/\/pogotowiekomputerowesulmierzyceiokolice.pl\/?page_id=200"},"modified":"2026-04-20T11:59:59","modified_gmt":"2026-04-20T09:59:59","slug":"polityka-prywatnosci-2","status":"publish","type":"page","link":"https:\/\/pogotowiekomputerowesulmierzyceiokolice.pl\/?page_id=200","title":{"rendered":""},"content":{"rendered":"\n<h1>Polityka prywatno\u015bci<\/h1>\n\n<h2>Administrator danych<\/h2>\n<p>\nAdministratorem danych jest Muzeum Regionalne Ziemi Sulmierzyckiej, ul. Rynek 1, 63-750 Sulmierzyce.\n<\/p>\n\n<h2>Jakie dane przetwarzamy<\/h2>\n<p>\nStrona mo\u017ce przetwarza\u0107 dane przekazywane dobrowolnie przez u\u017cytkownika, w szczeg\u00f3lno\u015bci w przypadku kontaktu mailowego lub telefonicznego.\n<\/p>\n\n<p>\nSerwis mo\u017ce r\u00f3wnie\u017c zapisywa\u0107 podstawowe informacje techniczne, takie jak adres IP, dane o przegl\u0105darce, systemie operacyjnym oraz pliki cookies, je\u015bli s\u0105 wykorzystywane przez WordPress, wtyczki lub us\u0142ugi osadzone z zewn\u0105trz.\n<\/p>\n\n<h2>Cel przetwarzania danych<\/h2>\n<ul>\n  <li>obs\u0142uga kontaktu z u\u017cytkownikiem,<\/li>\n  <li>zapewnienie prawid\u0142owego dzia\u0142ania strony,<\/li>\n  <li>cele statystyczne i bezpiecze\u0144stwo serwisu.<\/li>\n<\/ul>\n\n<h2>Pliki cookies<\/h2>\n<p>\nStrona mo\u017ce wykorzystywa\u0107 pliki cookies w celu prawid\u0142owego dzia\u0142ania serwisu, zapami\u0119tywania ustawie\u0144 u\u017cytkownika oraz poprawy jako\u015bci korzystania ze strony.\n<\/p>\n\n<p>\nU\u017cytkownik mo\u017ce samodzielnie zmieni\u0107 ustawienia cookies w swojej przegl\u0105darce internetowej.\n<\/p>\n\n<h2>Osadzone tre\u015bci i us\u0142ugi zewn\u0119trzne<\/h2>\n<p>\nNa stronie mog\u0105 by\u0107 osadzane tre\u015bci z serwis\u00f3w zewn\u0119trznych, takich jak Google Maps czy YouTube. Takie tre\u015bci mog\u0105 zbiera\u0107 informacje o u\u017cytkownikach zgodnie z polityk\u0105 prywatno\u015bci danego dostawcy.\n<\/p>\n\n<h2>Prawa u\u017cytkownika<\/h2>\n<p>\nU\u017cytkownik ma prawo do dost\u0119pu do swoich danych, ich sprostowania, usuni\u0119cia, ograniczenia przetwarzania oraz wniesienia skargi do Prezesa Urz\u0119du Ochrony Danych Osobowych.\n<\/p>\n\n<h2>Kontakt<\/h2>\n<p>\nW sprawach zwi\u0105zanych z prywatno\u015bci\u0105 mo\u017cna kontaktowa\u0107 si\u0119 pod adresem:\n<a href=\"mailto:muzeum@sulmierzyce.pl\">muzeum@sulmierzyce.pl<\/a>\n<\/p>\n","protected":false},"excerpt":{"rendered":"<p>Polityka prywatno\u015bci Administrator danych Administratorem danych jest Muzeum Regionalne Ziemi Sulmierzyckiej, ul. Rynek 1, 63-750 Sulmierzyce. Jakie dane przetwarzamy Strona mo\u017ce przetwarza\u0107 dane przekazywane dobrowolnie przez u\u017cytkownika, w szczeg\u00f3lno\u015bci w przypadku kontaktu mailowego lub telefonicznego. Serwis mo\u017ce r\u00f3wnie\u017c zapisywa\u0107 podstawowe informacje techniczne, takie jak adres IP, dane o przegl\u0105darce, systemie operacyjnym oraz pliki cookies, je\u015bli [&hellip;]<\/p>\n","protected":false},"author":1,"featured_media":0,"parent":0,"menu_order":0,"comment_status":"closed","ping_status":"closed","template":"","meta":{"footnotes":""},"class_list":["post-200","page","type-page","status-publish","hentry"],"_links":{"self":[{"href":"https:\/\/pogotowiekomputerowesulmierzyceiokolice.pl\/index.php?rest_route=\/wp\/v2\/pages\/200","targetHints":{"allow":["GET"]}}],"collection":[{"href":"https:\/\/pogotowiekomputerowesulmierzyceiokolice.pl\/index.php?rest_route=\/wp\/v2\/pages"}],"about":[{"href":"https:\/\/pogotowiekomputerowesulmierzyceiokolice.pl\/index.php?rest_route=\/wp\/v2\/types\/page"}],"author":[{"embeddable":true,"href":"https:\/\/pogotowiekomputerowesulmierzyceiokolice.pl\/index.php?rest_route=\/wp\/v2\/users\/1"}],"replies":[{"embeddable":true,"href":"https:\/\/pogotowiekomputerowesulmierzyceiokolice.pl\/index.php?rest_route=%2Fwp%2Fv2%2Fcomments&post=200"}],"version-history":[{"count":2,"href":"https:\/\/pogotowiekomputerowesulmierzyceiokolice.pl\/index.php?rest_route=\/wp\/v2\/pages\/200\/revisions"}],"predecessor-version":[{"id":202,"href":"https:\/\/pogotowiekomputerowesulmierzyceiokolice.pl\/index.php?rest_route=\/wp\/v2\/pages\/200\/revisions\/202"}],"wp:attachment":[{"href":"https:\/\/pogotowiekomputerowesulmierzyceiokolice.pl\/index.php?rest_route=%2Fwp%2Fv2%2Fmedia&parent=200"}],"curies":[{"name":"wp","href":"https:\/\/api.w.org\/{rel}","templated":true}]}}